+ 49*c**2 + 112*c - 866. What is the remainder when x(-46) is divided by 270?
60
Suppose 20*u - 25*u = 2*l - 11064, -2*u + 8 = 0. Calculate the remainder when l is divided by 65.
62
Suppose z + o = 167, -o + 2 = -3*o. Calculate the remainder when z is divided by 60.
48
Suppose 0 = -3*t - 2*i + 374, -5*i + 368 = -t + 4*t. Calculate the remainder when 223 is divided by t.
97
Let i = -3091 + 15389. Calculate the remainder when i is divided by 15.
13
What is the remainder when 1320/(-1155) - (-1730)/7 is divided by 40?
6
What is the remainder when 501 is divided by -14*(-1)/(((-27)/9)/(-3))?
11
Suppose -104*k + 344 = -103*k. Let u = k - 293. Calculate the remainder when 141 is divided by u.
39
Let h(j) be the third derivative of -13*j**4/24 - 137*j**3/6 - 78*j**2. What is the remainder when 32 is divided by h(-12)?
13
Suppose 0 = -4*z + 2*b + 46, 3*z + 6*b - 2 = b. Suppose 6*v = 19*v + 122 - 434. What is the remainder when v is divided by z?
6
Suppose 0 = -2*f - t + 267, 3*f = 4*f - 5*t - 128. Suppose 5*n = -2*s + 46 + 9, n = 3*s - 6. What is the remainder when f is divided by n?
7
Let a(g) = g**3 - g**2 - 129*g + 408. Calculate the remainder when 6161 is divided by a(3).
38
Let o(g) = g**3 - 9*g**2 + 2*g + 7. What is the remainder when (2 - (-14 - -19))*(-41)/3 is divided by o(9)?
16
Let x(o) = 12*o - 10. Let f = -127 + 127. What is the remainder when x(4) is divided by (f + 0 - 10)/(-1)?
8
Suppose 18*c - 2*c - 1008 = 0. Suppose -5*x + 47 = -3. What is the remainder when c is divided by x?
3
Let x = 7 - 6. Let z be -4*x - (-160)/1. Suppose 0 = 18*t - 15*t - z. Calculate the remainder when t is divided by 18.
16
Suppose x - 3*x + 4278 = 0. Calculate the remainder when x is divided by 165.
159
Suppose 2*g - 6*s + 283 = 1099, 0 = 4*s - 20. Calculate the remainder when g is divided by 128.
39
Let z(v) = -38*v**3 + 4*v**2 + v - 2. Let n be z(-1). Suppose -32 = -43*o + n*o. Calculate the remainder when 62 is divided by o.
6
Let p = 1053 + -205. Calculate the remainder when p is divided by 25.
23
Let f(k) = -k**3 + 16*k**2 + 20*k - 24. Let l = -45 + 51. Let p(j) = -j**3 + 7*j**2 + 4*j - 9. Calculate the remainder when p(l) is divided by f(17).
24
Let d = 582 + -412. Let j be 360/d - (-4)/(-34). Suppose -48 = -j*x + 18. What is the remainder when x is divided by 17?
16
Suppose -5*x - 55 = 5*z, -x + 5*z - 17 = -0*z. Let s(m) = 1 - 3*m + 5 + 3 + 1. Calculate the remainder when s(x) is divided by 12.
10
Let t be 432/(-180)*((-27)/2 - -1). Calculate the remainder when -6*1*(-2110)/t is divided by 71.
67
Let w be (-4 + 28/8)*-10. Suppose w*y - 96 - 49 = 0. Calculate the remainder when y is divided by 8.
5
Suppose 798*y - 818*y + 613 = -667. What is the remainder when 85 is divided by y?
21
Let p(f) = 243*f + 2104. What is the remainder when p(-6) is divided by 207?
25
Let s = 5579 - 2955. What is the remainder when s is divided by 140?
104
Let o be (-170)/(-20) - (-1)/(-2). Let v = -431 + 361. What is the remainder when ((384/(-30))/o)/(4/v) is divided by 10?
8
Let d be (-152)/3*(-51 - -18). Suppose -130*w = -138*w + d. Calculate the remainder when w is divided by 71.
67
Calculate the remainder when 666 is divided by (-14)/18 + 1 + (-185690)/(-558).
0
Let a(r) be the second derivative of -r**4/12 + 5*r**3 - 81*r**2 + 126*r. What is the remainder when 39 is divided by a(22)?
11
Suppose 2*s + 4*j - 30 = 0, 3*s = 4*j + j - 10. Suppose 3*x = 10 + s. What is the remainder when (19703/(-4148) - (-3)/4)/(5/(35/(-4))) is divided by x?
2
Let y(x) be the third derivative of -x**6/24 - x**5/15 + x**4/12 + 4*x**3/3 + 12*x**2 + x. Calculate the remainder when y(-3) is divided by 22.
13
Suppose -5*r + 5 = -4*k + 9*k, -4*k - 21 = -r. Suppose -r*b + 65 = 6*a - a, -a = -3*b + 35. Calculate the remainder when 57 is divided by b.
9
Let d = -2606 - -2628. Calculate the remainder when 102 is divided by d.
14
Let f(m) = 28 - m**2 + 37 + 44 + 11*m - 80. What is the remainder when 209 is divided by f(8)?
50
Let m(b) = -b**2 - 1. Let r(s) = 16*s**2 - 135*s + 19. Let z(l) = -6*m(l) - r(l). What is the remainder when z(11) is divided by 6?
4
Let h(k) = -150*k - 5378. Calculate the remainder when 722 is divided by h(-36).
18
Let l(q) = 57*q + 788. What is the remainder when l(7) is divided by 69?
14
Let n = 25 - 33. Let q(x) = -32*x - 13. Let l be q(n). Suppose -5*r + 202 = -l. Calculate the remainder when r is divided by 15.
14
Suppose -3*f + 2*h + 271 = -813, 2*h = -3*f + 1076. Let n = -193 + f. What is the remainder when n is divided by 24?
23
Suppose 2*v + 47 = 2*g + g, 2*g + 5*v - 44 = 0. Let o = -13 + 56. Let p = o + 6. What is the remainder when p is divided by g?
15
Suppose 5*h - 8049 = -2*k, -2*h - 3368 = -5*k + 16740. Calculate the remainder when k is divided by 22.
18
Suppose 20*f - 26*f + 183*f = 51330. What is the remainder when f is divided by 57?
5
Suppose 1593*x = 1539*x + 6048. Calculate the remainder when x is divided by 17.
10
Suppose -9*v + 280 = -5*v. Let r = -1357 + 1363. Calculate the remainder when v is divided by r.
4
Let r = -514 + 591. What is the remainder when r is divided by 16?
13
Let v be (4/1)/(2/23). Suppose -245 = -v*j + 261. Let o = 44 - 24. What is the remainder when o is divided by j?
9
Suppose -t = -5*n + 637 + 853, -3*n + 894 = -4*t. Let u = -9109 + 9160. Calculate the remainder when n is divided by u.
43
Suppose -6547 = -20*a + 6420 + 1933. What is the remainder when a is divided by 188?
181
Suppose 4*a = -k + 4*k + 2, -3*k - 30 = 3*a. What is the remainder when 27 is divided by (20/k)/(1 - 10/6)?
2
Suppose 3*q + 3*d = 45, 5*q - 2*d - 16 = 80. Suppose -100 = q*u - 1108. Let y = u - 36. Calculate the remainder when 76 is divided by y.
16
Suppose -5*m = -5*x + 5640, x = -4*m + 1218 - 60. Calculate the remainder when x is divided by 158.
28
Let b(i) = 7*i**2 - 11*i + 1. Let p be b(7). Let f = 293 - p. Calculate the remainder when f is divided by 21.
5
Let g be (-7)/((-7)/(-3)) - 5. Let a be -22*(10/(-8))/(20/g). Let f(q) = -12*q + 10. What is the remainder when f(a) is divided by 11?
10
Let z be (-18)/30 + 2292/20. Suppose 0 = 4*t - z - 10. Suppose -s + 4*f + t = 0, -5*f = 5*s - 3*s + 3. Calculate the remainder when 75 is divided by s.
9
Suppose -c - 3*c - 5*c = 0. Let m be 2940/6 + c + -1. Suppose 959 = 5*v - 5*i + 404, m = 4*v + 5*i. What is the remainder when v is divided by 30?
26
Let g(w) be the second derivative of w**5/20 + w**4/2 - 4*w**3/3 + w**2/2 - 3*w + 2. Calculate the remainder when 22 is divided by g(-7).
6
Let j be 66/8 + ((-198)/(-24))/11. What is the remainder when ((90/j)/20)/(2/252) is divided by 33?
30
Calculate the remainder when -7 + -3874*(-7)/4*90/315 is divided by 92.
90
Suppose 0 = -804*a + 801*a - 18, -4*l = -2*a - 1004. Calculate the remainder when l is divided by 34.
10
Suppose 12361 = 36*v - 83615. Calculate the remainder when v is divided by 92.
90
Let c(q) = -5*q - 114. Suppose 38 = 4*x - 262. Calculate the remainder when x is divided by c(-27).
12
Let j = -20304 - -20819. Calculate the remainder when j is divided by 78.
47
Suppose 2*n + 345 = 3*j, -224*j + 4*n = -228*j + 500. What is the remainder when 3449 is divided by j?
117
Let i = -381 - -409. Let u(n) = -n**2 + 25*n + 150. What is the remainder when u(i) is divided by 26?
14
Let b = 2828 + -2559. Calculate the remainder when b is divided by 38.
3
Let y be 9/99 + 5450/(-55). Calculate the remainder when 89 is divided by -6*11/y - (-73)/3.
14
Let k be 6/96 + 833/(-272). Let z(v) = 8*v + 3. Let n be z(5). What is the remainder when 92 is divided by n - -3 - 1/k*3?
45
Let t(a) = -a**2 + 18*a + 14. Let h be t(-9). Calculate the remainder when h/(-4) + ((-6)/24 - 0) is divided by 12.
9
What is the remainder when 2594 is divided by ((-30)/12*8/10)/(1/(-22))?
42
Let f = 12943 - 11498. What is the remainder when f is divided by 44?
37
What is the remainder when ((-2)/(6/5))/((6 + 33)/(-5850)) is divided by 242?
8
Let b = 3559 + -801. What is the remainder when b is divided by 15?
13
Let u = -31557 - -31621. Suppose b = 2*b - 22. What is the remainder when u is divided by b + (-3)/9*0?
20
Calculate the remainder when (-22608)/(-30)*14/6 + (-58)/145 is divided by 11.
9
Suppose -131 - 2209 = 6*t. Let n = t + 455. Calculate the remainder when 584 is divided by n.
64
C